 -31 + 2323?
2292
In base 6, what is 20002 + -2?
20000
In base 4, what is 1023 - 111320?
-110231
In base 6, what is 3 + -325430?
-325423
In base 13, what is 1043 - 10?
1033
In base 6, what is 3313 + 3142?
10455
In base 10, what is 563 + 64?
627
In base 9, what is 0 - 60245?
-60245
In base 11, what is 319573 - 0?
319573
In base 7, what is -42 - -3312?
3240
In base 9, what is 8504 + 1030?
10534
In base 9, what is 67 - -2488?
2566
In base 10, what is -101 + 2386?
2285
In base 6, what is 0 + 21221454?
21221454
In base 10, what is -11 + -25720?
-25731
In base 2, what is 1000101011010100 + -1?
1000101011010011
In base 3, what is 1010212211 - -1?
1010212212
In base 9, what is -24 - -6280?
6255
In base 3, what is -1022120122012 - -10?
-1022120122002
In base 9, what is 54164 - 4?
54160
In base 15, what is -3 + -560d7?
-560da
In base 13, what is 59 + 38a9?
3935
In base 12, what is 2285 - 158?
2129
In base 3, what is 212111 + -100010?
112101
In base 13, what is -7b + -1b4?
-262
In base 6, what is -1 - -333235?
333234
In base 8, what is -2 - 46237?
-46241
In base 3, what is 1122000 - -11?
1122011
In base 7, what is -4 + -140432?
-140436
In base 3, what is 2221200 + -10220?
2210210
In base 16, what is 4ac06 - 3?
4ac03
In base 7, what is -663 + -60324?
-61320
In base 13, what is b2 - -12c?
211
In base 3, what is 2021121 + -1221?
2012200
In base 13, what is 2c94 - 2?
2c92
In base 5, what is 233 - 312232?
-311444
In base 11, what is -5 + -132787?
-132791
In base 16, what is -67c71a - 4?
-67c71e
In base 11, what is -2a4 - -5929?
5635
In base 12, what is 2 - 343?
-341
In base 2, what is -110011 - 1000100?
-1110111
In base 10, what is -5 + 52039?
52034
In base 8, what is -3611 + 270?
-3321
In base 8, what is 33037 + -3?
33034
In base 15, what is 28e9c + -e?
28e8d
In base 12, what is -2 + 28530a?
285308
In base 16, what is -1f + 9ff?
9e0
In base 14, what is 5 + -6673?
-666c
In base 9, what is -25 + -82566?
-82602
In base 4, what is -21223 + 102010?
20121
In base 11, what is 74 + 128?
1a1
In base 9, what is -1527422 - 4?
-1527426
In base 8, what is -4 - -2511?
2505
In base 2, what is -11000111000010111 - 101?
-11000111000011100
In base 14, what is 69 - -427?
492
In base 9, what is -6 + 5888?
5882
In base 4, what is 31111 + 2011?
33122
In base 14, what is -2 + -5c66?
-5c68
In base 3, what is 120000 - -212021?
1102021
In base 14, what is d31 - -119?
104a
In base 2, what is -10000101 - 1011010001?
-1101010110
In base 4, what is -3 + -313322203?
-313322212
In base 4, what is -32200021 + 0?
-32200021
In base 8, what is 5 - -207167?
207174
In base 13, what is 3 - 2ba9b?
-2ba98
In base 12, what is -2307 + 4?
-2303
In base 10, what is 0 - -7281?
7281
In base 14, what is -3b94 + -2?
-3b96
In base 4, what is -1012120333 + 10?
-1012120323
In base 13, what is 4379c - 5?
43797
In base 14, what is 68 + a0?
128
In base 4, what is -2 + 101311012?
101311010
In base 7, what is 6 + 622?
631
In base 8, what is -72461 + 3?
-72456
In base 6, what is 4303 - 2021?
2242
In base 16, what is 9db90 - 3?
9db8d
In base 8, what is -77137 - -4?
-77133
In base 5, what is 2422442 - 10?
2422432
In base 4, what is -3131 - 1111?
-10302
In base 3, what is 22022210 - 1000?
22021210
In base 4, what is -302 - -210032?
203130
In base 5, what is 24 + -10220123?
-10220044
In base 14, what is b60b1 + 4?
b60b5
In base 6, what is -32 - 452?
-524
In base 10, what is -1232 - 15?
-1247
In base 7, what is -211 - 6251?
-6462
In base 8, what is -2006 + -5570?
-7576
In base 10, what is -42 - 546?
-588
In base 14, what is -5 + 687?
682
In base 11, what is -1a26 - -3?
-1a23
In base 13, what is 2c33b - 0?
2c33b
In base 16, what is e402d - 5?
e4028
In base 10, what is 79255 + 1?
79256
In base 16, what is -929 - -7b?
-8ae
In base 6, what is 1235355 + 3?
1235402
In base 2, what is 101111101 + 1110111001?
10100110110
In base 10, what is 20472 + -30?
20442
In base 16, what is 2a87 - a?
2a7d
In base 9, what is -4 - -11348?
11344
In base 13, what is -1 - -5c6?
5c5
In base 4, what is 2 - -1213302?
1213310
In base 11, what is -1506 + 15?
-14a1
In base 10, what is -2 + -12888?
-12890
In base 11, what is 45932 + -1?
45931
In base 2, what is 11 - -1001010010100110?
1001010010101001
In base 2, what is -10 + 111100110000101111?
111100110000101101
In base 10, what is -1 + 60497?
60496
In base 11, what is -10 + 21157?
21147
In base 14, what is -3 - -42250?
4224b
In base 16, what is 132e9 + 2?
132eb
In base 13, what is -aa0 + -c?
-aac
In base 14, what is 109b - 5c?
103d
In base 14, what is -1363 - -50?
-1313
In base 3, what is -12200211112 + -10?
-12200211122
In base 12, what is -3 + 13032?
1302b
In base 4, what is 23322 + 11?
23333
In base 2, what is 100111010 - 1111011?
10111111
In base 12, what is 7216 - -5?
721b
In base 8, what is -22 + 12570?
12546
In base 14, what is 43c - 60?
3bc
In base 16, what is 0 - -46f?
46f
In base 3, what is -1101001222 - 101?
-1101002100
In base 12, what is -50b87 + 10?
-50b77
In base 2, what is -10 - -1001110100100010?
1001110100100000
In base 15, what is 8d - -69?
107
In base 7, what is -20364 - -102?
-20262
In base 13, what is 2 - 28c429?
-28c427
In base 13, what is -5c4 - 112a?
-1721
In base 11, what is 1742 + 4?
1746
In base 6, what is 40 + 232?
312
In base 10, what is 3 + -15326?
-15323
In base 5, what is -2 - 241420314?
-241420321
In base 9, what is 131886 + 5?
132002
In base 5, what is 10 + 120003430?
120003440
In base 11, what is -2487492 + -5?
-2487497
In base 14, what is -311d2 - 3?
-311d5
In base 3, what is 11201010 + -1102?
11122201
In base 6, what is -5 - 12401?
-12410
In base 14, what is 177b14 + 4?
177b18
In base 6, what is -202 + 424?
222
In base 11, what is -126 - 2419?
-2544
In base 5, what is 2022 + 120?
2142
In base 2, what is -10111110101 - -1111?
-10111100110
In base 6, what is -1232 - -20115?
14443
In base 9, what is 17 + 6271?
6288
In base 12, what is -4a7 + -47?
-532
In base 7, what is 6301 + -1?
6300
In base 3, what is -1122110101112 + -1?
-1122110101120
In base 10, what is 0 + -27040?
-27040
In base 7, what is -11 + 364?
353
In base 7, what is 261 - -4231?
4522
In base 4, what is -23 + -2010330313?
-2010331002
In base 7, what is 12542 - 352?
12160
In base 8, what is -4 - -17536?
17532
In base 8, what is -11236063 - -3?
-11236060
In base 12, what is 4 + -3186?
-3182
In base 8, what is 1 + -14155?
-14154
In base 16, what is -a28 + -49b?
-ec3
In base 5, what is -12024 - 23404?
-40433
In base 13, what is 19 - 18b?
-172
In base 15, what is -89 - -11c9?
1140
In base 14, what is 10d - 4b20?
-4a11
In base 14, what is 84 + 5c?
102
In base 13, what is -9a3 + b4?
-8bc
In base 8, what is -4364 - -113?
-4251
In base 13, what is 3 + -4c90?
-4c8a
In base 4, what is 331 - 10131000?
-10130003
In base 2, what is -111111101010 - -110101010?
-111001000000
In base 15, what is 446 - -e?
455
In base 10, what is 2 + -398?
-396
In base 8, what is 4 - 251774?
-251770
In base 4, what is 123211 - 103?
123102
In base 7, what is -150133 + 16?
-150114
In base 3, what is 112 - 22001?
-21112
In base 7, what is 415504 + 22?
415526
In base 11, what is 1 + -112096?
-112095
In base 7, what is 1311146 + -1?
1311145
In base 12, what is 52 + -2?
50
In base 14, what is -11 + 8c34?
8c23
In base 4, what is -2 + -321301131?
-321301133
In base 14, what is -32 + -a3?
-d5
In base 14, what is c39741 + -4?
c3973b
In base 3, what is -1200110011221 - 12?
-1200110012010
In base 5, what is -2311 + -110?
-2421
In base 4, what is -13213222131 - -11?
-13213222120
In base 4, what is 1201111 + -1202?
1133303
In base 6, what is -55011 + 301?
-54310
In base 7, what is -613242 + -10?
-613252
In base 6, what is 150232 - -5?
150241
In base 15, what is -21d0 + -4?
-21d4
In base 7, what is 13133 + -1056?
12044
In base 2, what is -10 + -10110010111?
-10110011001
In base 14, what is 0 + 29b5?
29b5
In base 9, what is -64317 - -4?
-64313
In base 16, what is 16a48c - 1?
16a48b
In base 11, what is 38 - 1580?
-1543
In base 3, what is 10000021 - 121?
2222200
In base 13, what is -4 - -31b61?
31b5a
In base 4, what is 2 - 3100300?
-3100232
In base 3, what is 2200110 - -102?
2200212
In base 15, what is -1c + 543?
526
In base 7, what is -512 - 3343?
-4155
In base 4, what is -1010200 - 21?
-1010221
In base 4, what is 3 - -1211232303?
1211232312
In ba